v*p(n) - 22*h(n). What is the remainder when c(-3) is divided by 3?
1
Let f = -88 + 104. Suppose 0 = -2*o + 3*o - 30. What is the remainder when o is divided by f?
14
Let m(t) = 19*t + 4. Suppose 4*k - 11 + 27 = 0. What is the remainder when m(3) is divided by (k + (-75)/(-3))*1?
19
Let x(i) = -i**3 - 2*i**2 - 2*i - 1. Calculate the remainder when ((-64)/40)/((6/(-10))/3) is divided by x(-2).
2
Suppose 5*g - 579 = -169. What is the remainder when g is divided by 17?
14
Suppose 4*v = -v + 60. What is the remainder when v is divided by 3?
0
Let i = -25 - -32. Calculate the remainder when 25/(-2*1/(-2)) is divided by i.
4
Suppose 3*q = 2*q - 5*x - 2, -q = 4*x + 2. Suppose 0 = 4*f - 2*n - 96, f + 4*n - 36 = -3. Calculate the remainder when f is divided by 12 + q/(2 + -4).
12
Suppose -a + 1 = -4. Suppose a*l - 18 = 3*l. What is the remainder when l is divided by 6?
3
Suppose 0 = 12*l - 986 + 218. Calculate the remainder when l is divided by 17.
13
Let z = 100 + -13. What is the remainder when z is divided by 30?
27
Let j(k) = -k**3 - 4*k**2 - 2*k + 3. Suppose -4*w - 10 - 2 = 4*y, -3*w - 9 = 2*y. Calculate the remainder when j(-4) is divided by (y - 3) + 3 + 3.
2
Suppose -5*d - 3*t + 100 = 0, -2*d + t + 40 = -2*t. What is the remainder when 59 is divided by d?
19
Let r(a) = -a**2 + 14*a + 30. Calculate the remainder when 41 is divided by r(15).
11
Let m(q) = 27*q**2 - 1. Let d = 6 + 1. Calculate the remainder when m(-1) is divided by d.
5
Suppose -3*i + 4*u + 76 = -i, 5*u = 3*i - 111. Let n = -54 - -37. Let w = 28 + n. Calculate the remainder when i is divided by w.
10
Suppose 0 = 3*r + r + 4*n + 36, n - 18 = 2*r. Suppose 0 = -3*z + 9, -2*l - 5*z - 23 = -2*z. Let h = r - l. Calculate the remainder when 12 is divided by h.
5
Let t(q) = -6*q + 2. What is the remainder when t(-3) is divided by 6?
2
Suppose 0 = 5*q - 5*c + 50, 3*q + 6 = -0*q - 5*c. Let m(v) = -v**2 - 7*v + 8. What is the remainder when 23 is divided by m(q)?
7
Let m be 10 - 4 - (3 - 1). Suppose 175 = m*r + r. Calculate the remainder when r is divided by 18.
17
Suppose -2*h + 4 + 70 = 0. Calculate the remainder when h is divided by ((-5)/3)/(3/(-18)).
7
Calculate the remainder when 25 is divided by 48/15 + 1 - (-12)/(-60).
1
Suppose -32 = -2*y + 12. What is the remainder when y is divided by 12?
10
Let u(t) = 2*t**2 + 12*t + 25. Calculate the remainder when u(-5) is divided by 8.
7
Suppose 2*v = v + 46. Calculate the remainder when v is divided by 12.
10
Suppose 5*n = 2*n + 627. Let i = n - 140. What is the remainder when i is divided by 18?
15
Suppose u - 3 = 0, -6*y + 1 = -y - 3*u. Suppose 0 = 4*i - 2*h + 50, 0*i = -5*i + 2*h - 60. What is the remainder when 12/15 + (-42)/i is divided by y?
1
Suppose 4*g - 4*k - 97 = -k, k + 79 = 3*g. What is the remainder when g is divided by 10?
8
Let o = 10 + 47. Calculate the remainder when o is divided by 12.
9
Suppose 0 = 3*w - 3*s - 450, 0*w - 5*w - s = -750. What is the remainder when w is divided by 17?
14
Let v = 17 - 12. Suppose 4*r + y = -4*y, 36 = 4*r - 4*y. Suppose -f = -r*g + 12, -5*g = 5*f - 3*g - 21. What is the remainder when v is divided by f?
2
Suppose 2*d + 9 = 45. What is the remainder when 68 is divided by d?
14
Let j(q) = q**3 - 2*q**2 + q - 2. What is the remainder when j(4) is divided by 12?
10
Let y be 3 + 2*-1 - -202. Suppose -42 = -5*g + y. Calculate the remainder when g is divided by 17.
15
Let s(j) = j**2 + 3*j - 8. Let w = 2 + 16. What is the remainder when w is divided by s(-6)?
8
Let t = -15 - -22. Suppose -2*r + t*r = 185. Calculate the remainder when r is divided by 13.
11
Let u(t) be the third derivative of -t**4/8 - 2*t**2. Let h be u(-10). Let y = -11 + h. Calculate the remainder when y is divided by 10.
9
What is the remainder when 21 is divided by 2/6 + (-32)/(-3)?
10
Suppose -2*g + 3 = 227. Let q = -63 - g. What is the remainder when q is divided by 10?
9
What is the remainder when 11 is divided by -2*13/(-6) + (-7)/21?
3
Let t = -5 - -30. Calculate the remainder when 48 is divided by t.
23
Suppose -6*c + c + 192 = -4*f, 206 = 5*c + 3*f. What is the remainder when c is divided by 7?
5
Let x(a) = -a**2 - 11*a + 2. Let z(d) = 3*d - 22. What is the remainder when x(-8) is divided by z(12)?
12
Suppose -2 = 3*q - 20. Let g = 0 + 4. Suppose 0 = -g*c + 15 + 77. What is the remainder when c is divided by q?
5
Let z(l) be the third derivative of l**4/24 - l**3/6 - 2*l**2. What is the remainder when 16 is divided by z(10)?
7
Let j(g) = -g**3 + 6*g**2 - 5*g + 4. Calculate the remainder when 11 is divided by j(5).
3
Suppose 3*c - 6 = -x, 0*x - 29 = -3*x + 2*c. Calculate the remainder when 16 is divided by x.
7
Suppose m = -3*m + 2*w + 24, 4*m + 4 = -5*w. Let c(y) = -y**2 - 7*y + 4. Calculate the remainder when c(-6) is divided by m.
2
Suppose -w + 1 = 4. Let x(v) = -6*v + 2. Suppose -4*c = g - 27, -2*g = -5*c + 8 + 29. What is the remainder when x(w) is divided by c?
6
Let c(y) = 2*y**2 + 8*y + 13. What is the remainder when c(-6) is divided by 21?
16
Let w(g) = 25*g + 2. What is the remainder when w(2) is divided by 18?
16
Let y(z) = -3*z - 4. Let n be 4/(2 - 4) + -3. Calculate the remainder when 42 is divided by y(n).
9
Let m(h) = -4*h - 10. Calculate the remainder when 18 is divided by m(-5).
8
Calculate the remainder when ((-330)/231)/((6/(-28))/3) is divided by 8.
4
Let g = -7 + 11. What is the remainder when 24*(4/2 - (-30)/(-18)) is divided by g?
0
Let x be (-2)/(-6) - 46/(-6). Let g = x - 15. Let n(b) = b**3 + 8*b**2 + 4*b - 8. Calculate the remainder when 38 is divided by n(g).
12
Suppose 0 = 4*q - 56 - 88. What is the remainder when q is divided by 18?
0
Let d(q) = q**3 + 3*q**2 - 1. Suppose g = 2*r + 2*r + 7, -2*r - 2*g = 6. Suppose 3*z = 7*z - 16. Calculate the remainder when z is divided by d(r).
1
Let n = 223 - 90. What is the remainder when n is divided by 34?
31
Let u(x) = x**3 - 9*x**2 - 8*x - 9. Calculate the remainder when 18 is divided by u(10).
7
Let w(a) = -a**2 + 14*a - 39. Calculate the remainder when 36 is divided by w(6).
0
Suppose 0 = -27*r + 24*r + 18. Calculate the remainder when r is divided by 5.
1
Let h = 37 + 24. Suppose -3*c + 6*c - 2*p - 56 = 0, 0 = 4*c + 2*p - 56. Calculate the remainder when h is divided by c.
13
Suppose 3*x + 6 = 2*x. Let u(o) = -o - 7 + 4*o + o + 2*o**2. What is the remainder when u(x) is divided by 14?
13
Let t be (3 - 1) + 2 - 1. Suppose t*y = -y + 20. Calculate the remainder when 18 is divided by y.
3
Suppose 0 = 4*v - 0*v - y - 24, -3*y = 5*v - 47. Suppose 3*m = v*m - 40. Suppose -5*n = -47 - 138. What is the remainder when n is divided by m?
7
Suppose 0 = -3*s + 5*v + 250, s - 3*v = v + 81. Suppose -41 = -h + 5*f, -s = -2*h - 3*h + f. Calculate the remainder when 31 is divided by h.
15
Let b be (-24)/(-8) - (-2 - 0). Let x = 7 + b. What is the remainder when 22 is divided by x?
10
Suppose 3*f = -3*i + 159 + 15, 4*i = f + 232. Calculate the remainder when i is divided by 12.
10
Let c = -2 - -1. Calculate the remainder when 10 + (c - (-2 - 0)) is divided by 4.
3
Let b = 5 + -5. Let n be ((-1)/(-1))/(-2)*b. Suppose n = -2*u - u + 45. What is the remainder when 29 is divided by u?
14
Suppose a + 4*g - 36 = -3*a, 5*a - 3*g - 37 = 0. Calculate the remainder when 15 is divided by a.
7
Let j(q) be the third derivative of -q**4/24 + q**3 - 5*q**2. Calculate the remainder when 16 is divided by j(-3).
7
Suppose 0 = 2*a + a - 60. Calculate the remainder when 37 is divided by a.
17
Let k(x) = x**3 + 7*x**2 - x + 6. What is the remainder when k(-6) is divided by 13?
9
Suppose -35 = -2*f - p, 0 = 2*f - 0*p + 3*p - 25. Calculate the remainder when 339/6 + 2/4 is divided by f.
17
Let u = 1 - 7. Let y be 4*(-2)/(-2 - u). What is the remainder when 8 is divided by y*(-4)/(8/5)?
3
Let y(t) = 4*t**3 + 2*t**2 - 2. Let x(b) = -b**3. Let l(i) = -12*x(i) - y(i). Let j = 40 - 20. Calculate the remainder when l(2) is divided by j.
18
Let r(j) be the first derivative of j**5/4 - j**4/24 + 4*j**3/3 + 1. Let n(g) be the third derivative of r(g). What is the remainder when n(1) is divided by 8?
5
Let v = -9 + 9. Suppose v = 2*d - 13 + 1. Calculate the remainder when 16 is divided by d.
4
Suppose 200 = 2*j - 4*f, 43 = 2*j + 5*f - 112. Calculate the remainder when j is divided by 31.
28
Let